{"id":109,"date":"2014-04-21T17:26:41","date_gmt":"2014-04-21T15:26:41","guid":{"rendered":"https:\/\/dav.chouech.org\/?page_id=109"},"modified":"2017-07-09T14:19:44","modified_gmt":"2017-07-09T12:19:44","slug":"dans-la-rue","status":"publish","type":"page","link":"https:\/\/dav.chouech.org\/?page_id=109","title":{"rendered":"dans la rue"},"content":{"rendered":"<p>&nbsp;<\/p>\n<p>CARNET DE RUE &#8211; expression urbaine et souvent collective&#8230;<\/p>\n<p>2017<\/p>\n<p>Marseille Capitale du Sport<\/p>\n<p><a href=\"https:\/\/dav.chouech.org\/files\/2017\/07\/IMG_4618.jpg\"><img loading=\"lazy\" decoding=\"async\" class=\"aligncenter size-full wp-image-1010\" src=\"https:\/\/dav.chouech.org\/files\/2017\/07\/IMG_4618.jpg\" alt=\"\" width=\"638\" height=\"425\" srcset=\"https:\/\/dav.chouech.org\/files\/2017\/07\/IMG_4618.jpg 638w, https:\/\/dav.chouech.org\/files\/2017\/07\/IMG_4618-300x200.jpg 300w, https:\/\/dav.chouech.org\/files\/2017\/07\/IMG_4618-450x300.jpg 450w\" sizes=\"auto, (max-width: 638px) 100vw, 638px\" \/><\/a><\/p>\n<p>&nbsp;<\/p>\n<p><a href=\"https:\/\/dav.chouech.org\/files\/2017\/07\/IMG_4625.jpg\"><img loading=\"lazy\" decoding=\"async\" class=\"aligncenter size-full wp-image-1012\" src=\"https:\/\/dav.chouech.org\/files\/2017\/07\/IMG_4625.jpg\" alt=\"\" width=\"425\" height=\"661\" srcset=\"https:\/\/dav.chouech.org\/files\/2017\/07\/IMG_4625.jpg 425w, https:\/\/dav.chouech.org\/files\/2017\/07\/IMG_4625-193x300.jpg 193w\" sizes=\"auto, (max-width: 425px) 100vw, 425px\" \/><\/a><a href=\"https:\/\/dav.chouech.org\/files\/2017\/07\/IMG_4623.jpg\"><img loading=\"lazy\" decoding=\"async\" class=\"aligncenter size-full wp-image-1011\" src=\"https:\/\/dav.chouech.org\/files\/2017\/07\/IMG_4623.jpg\" alt=\"\" width=\"425\" height=\"638\" srcset=\"https:\/\/dav.chouech.org\/files\/2017\/07\/IMG_4623.jpg 425w, https:\/\/dav.chouech.org\/files\/2017\/07\/IMG_4623-200x300.jpg 200w\" sizes=\"auto, (max-width: 425px) 100vw, 425px\" \/><\/a><\/p>\n<p>2016<\/p>\n<p><a href=\"https:\/\/dav.chouech.org\/files\/2016\/06\/IMG_1569.jpg\" rel=\"attachment wp-att-817\"><img loading=\"lazy\" decoding=\"async\" class=\"aligncenter size-full wp-image-817\" src=\"https:\/\/dav.chouech.org\/files\/2016\/06\/IMG_1569.jpg\" alt=\"IMG_1569\" width=\"850\" height=\"567\" srcset=\"https:\/\/dav.chouech.org\/files\/2016\/06\/IMG_1569.jpg 850w, https:\/\/dav.chouech.org\/files\/2016\/06\/IMG_1569-300x200.jpg 300w, https:\/\/dav.chouech.org\/files\/2016\/06\/IMG_1569-768x512.jpg 768w, https:\/\/dav.chouech.org\/files\/2016\/06\/IMG_1569-450x300.jpg 450w\" sizes=\"auto, (max-width: 850px) 100vw, 850px\" \/><\/a><\/p>\n<p><a href=\"https:\/\/dav.chouech.org\/files\/2014\/04\/boat.jpg\" rel=\"attachment wp-att-820\"><img loading=\"lazy\" decoding=\"async\" class=\"aligncenter size-full wp-image-820\" src=\"https:\/\/dav.chouech.org\/files\/2014\/04\/boat.jpg\" alt=\"boat\" width=\"850\" height=\"638\" srcset=\"https:\/\/dav.chouech.org\/files\/2014\/04\/boat.jpg 850w, https:\/\/dav.chouech.org\/files\/2014\/04\/boat-300x225.jpg 300w, https:\/\/dav.chouech.org\/files\/2014\/04\/boat-768x576.jpg 768w, https:\/\/dav.chouech.org\/files\/2014\/04\/boat-400x300.jpg 400w\" sizes=\"auto, (max-width: 850px) 100vw, 850px\" \/><\/a> <a href=\"https:\/\/dav.chouech.org\/files\/2014\/04\/tetris.jpg\" rel=\"attachment wp-att-821\"><img loading=\"lazy\" decoding=\"async\" class=\"aligncenter size-large wp-image-821\" src=\"https:\/\/dav.chouech.org\/files\/2014\/04\/tetris.jpg\" alt=\"tetris\" width=\"584\" height=\"431\" srcset=\"https:\/\/dav.chouech.org\/files\/2014\/04\/tetris.jpg 850w, https:\/\/dav.chouech.org\/files\/2014\/04\/tetris-300x221.jpg 300w, https:\/\/dav.chouech.org\/files\/2014\/04\/tetris-768x567.jpg 768w, https:\/\/dav.chouech.org\/files\/2014\/04\/tetris-407x300.jpg 407w\" sizes=\"auto, (max-width: 584px) 100vw, 584px\" \/><\/a><\/p>\n<p><a href=\"https:\/\/dav.chouech.org\/files\/2016\/06\/IMG_1345.jpg\" rel=\"attachment wp-att-776\"><img loading=\"lazy\" decoding=\"async\" class=\"aligncenter size-full wp-image-776\" src=\"https:\/\/dav.chouech.org\/files\/2016\/06\/IMG_1345.jpg\" alt=\"IMG_1345\" width=\"850\" height=\"628\" srcset=\"https:\/\/dav.chouech.org\/files\/2016\/06\/IMG_1345.jpg 850w, https:\/\/dav.chouech.org\/files\/2016\/06\/IMG_1345-300x222.jpg 300w, https:\/\/dav.chouech.org\/files\/2016\/06\/IMG_1345-768x567.jpg 768w, https:\/\/dav.chouech.org\/files\/2016\/06\/IMG_1345-406x300.jpg 406w\" sizes=\"auto, (max-width: 850px) 100vw, 850px\" \/><\/a><\/p>\n<p>Carnaval ind\u00e9pendant de la Plaine, 2015<\/p>\n<p><a href=\"https:\/\/dav.chouech.org\/files\/2015\/10\/lapin-carnaval2015.jpg\"><img loading=\"lazy\" decoding=\"async\" class=\"aligncenter size-full wp-image-672\" src=\"https:\/\/dav.chouech.org\/files\/2015\/10\/lapin-carnaval2015.jpg\" alt=\"lapin carnaval2015\" width=\"802\" height=\"536\" srcset=\"https:\/\/dav.chouech.org\/files\/2015\/10\/lapin-carnaval2015.jpg 802w, https:\/\/dav.chouech.org\/files\/2015\/10\/lapin-carnaval2015-300x200.jpg 300w, https:\/\/dav.chouech.org\/files\/2015\/10\/lapin-carnaval2015-449x300.jpg 449w\" sizes=\"auto, (max-width: 802px) 100vw, 802px\" \/><\/a><\/p>\n<p>2015 Nancy Thermal, un projet de d\u00e9veloppement \u00e9conomique de plus<\/p>\n<p><a href=\"https:\/\/dav.chouech.org\/files\/2015\/03\/nancy-thermal-light.jpg\"><img loading=\"lazy\" decoding=\"async\" class=\"aligncenter size-full wp-image-529\" src=\"https:\/\/dav.chouech.org\/files\/2015\/03\/nancy-thermal-light.jpg\" alt=\"nancy thermal light\" width=\"567\" height=\"433\" srcset=\"https:\/\/dav.chouech.org\/files\/2015\/03\/nancy-thermal-light.jpg 567w, https:\/\/dav.chouech.org\/files\/2015\/03\/nancy-thermal-light-300x229.jpg 300w, https:\/\/dav.chouech.org\/files\/2015\/03\/nancy-thermal-light-393x300.jpg 393w\" sizes=\"auto, (max-width: 567px) 100vw, 567px\" \/><\/a><\/p>\n<p><a href=\"https:\/\/dav.chouech.org\/files\/2015\/03\/ncy-thermal-light.jpg\"><img loading=\"lazy\" decoding=\"async\" class=\"aligncenter wp-image-530\" src=\"https:\/\/dav.chouech.org\/files\/2015\/03\/ncy-thermal-light.jpg\" alt=\"ncy thermal light\" width=\"325\" height=\"408\" \/><\/a><\/p>\n<p><a href=\"https:\/\/dav.chouech.org\/files\/2015\/03\/ncy-thl.jpg\"><img loading=\"lazy\" decoding=\"async\" class=\"aligncenter wp-image-531\" src=\"https:\/\/dav.chouech.org\/files\/2015\/03\/ncy-thl.jpg\" alt=\"ncy thl\" width=\"383\" height=\"203\" \/><\/a><\/p>\n<p>2014 &#8211; Gaudin r\u00e9elu, Valls 1er ministre<\/p>\n<p>&nbsp;<\/p>\n<p><a href=\"https:\/\/dav.chouech.org\/files\/2014\/04\/gaudin-low.jpg\"><img loading=\"lazy\" decoding=\"async\" class=\"aligncenter size-full wp-image-498\" src=\"https:\/\/dav.chouech.org\/files\/2014\/04\/gaudin-low.jpg\" alt=\"gaudin low\" width=\"600\" height=\"669\" srcset=\"https:\/\/dav.chouech.org\/files\/2014\/04\/gaudin-low.jpg 600w, https:\/\/dav.chouech.org\/files\/2014\/04\/gaudin-low-269x300.jpg 269w\" sizes=\"auto, (max-width: 600px) 100vw, 600px\" \/><\/a><\/p>\n<p><a href=\"https:\/\/dav.chouech.org\/files\/2014\/04\/valls.jpg\"><img loading=\"lazy\" decoding=\"async\" class=\"aligncenter size-full wp-image-157\" src=\"https:\/\/dav.chouech.org\/files\/2014\/04\/valls.jpg\" alt=\"valls\" width=\"350\" height=\"350\" srcset=\"https:\/\/dav.chouech.org\/files\/2014\/04\/valls.jpg 350w, https:\/\/dav.chouech.org\/files\/2014\/04\/valls-150x150.jpg 150w, https:\/\/dav.chouech.org\/files\/2014\/04\/valls-300x300.jpg 300w\" sizes=\"auto, (max-width: 350px) 100vw, 350px\" \/><\/a><\/p>\n<p><a href=\"https:\/\/dav.chouech.org\/files\/2014\/04\/gaudin2056.jpg\"><img loading=\"lazy\" decoding=\"async\" class=\"aligncenter size-full wp-image-148\" src=\"https:\/\/dav.chouech.org\/files\/2014\/04\/gaudin2056.jpg\" alt=\"gaudin2056\" width=\"400\" height=\"400\" srcset=\"https:\/\/dav.chouech.org\/files\/2014\/04\/gaudin2056.jpg 400w, https:\/\/dav.chouech.org\/files\/2014\/04\/gaudin2056-150x150.jpg 150w, https:\/\/dav.chouech.org\/files\/2014\/04\/gaudin2056-300x300.jpg 300w\" sizes=\"auto, (max-width: 400px) 100vw, 400px\" \/><\/a><\/p>\n<p>2014 &#8211; Premi\u00e8res Mesures R\u00e9volutionnaires pour casser du loup<\/p>\n<p><a href=\"https:\/\/dav.chouech.org\/files\/2014\/04\/penalisation-four.jpg\"><img loading=\"lazy\" decoding=\"async\" class=\"aligncenter size-full wp-image-153\" src=\"https:\/\/dav.chouech.org\/files\/2014\/04\/penalisation-four.jpg\" alt=\"penalisation four\" width=\"350\" height=\"350\" srcset=\"https:\/\/dav.chouech.org\/files\/2014\/04\/penalisation-four.jpg 350w, https:\/\/dav.chouech.org\/files\/2014\/04\/penalisation-four-150x150.jpg 150w, https:\/\/dav.chouech.org\/files\/2014\/04\/penalisation-four-300x300.jpg 300w\" sizes=\"auto, (max-width: 350px) 100vw, 350px\" \/><\/a><\/p>\n<p><a href=\"https:\/\/dav.chouech.org\/files\/2014\/04\/penalisation-kai.jpg\"><img loading=\"lazy\" decoding=\"async\" class=\"aligncenter size-full wp-image-152\" src=\"https:\/\/dav.chouech.org\/files\/2014\/04\/penalisation-kai.jpg\" alt=\"penalisation kai\" width=\"350\" height=\"350\" srcset=\"https:\/\/dav.chouech.org\/files\/2014\/04\/penalisation-kai.jpg 350w, https:\/\/dav.chouech.org\/files\/2014\/04\/penalisation-kai-150x150.jpg 150w, https:\/\/dav.chouech.org\/files\/2014\/04\/penalisation-kai-300x300.jpg 300w\" sizes=\"auto, (max-width: 350px) 100vw, 350px\" \/><\/a><a href=\"https:\/\/dav.chouech.org\/files\/2014\/04\/separation-poule.jpg\"><img loading=\"lazy\" decoding=\"async\" class=\"aligncenter size-full wp-image-154\" src=\"https:\/\/dav.chouech.org\/files\/2014\/04\/separation-poule.jpg\" alt=\"separation poule\" width=\"350\" height=\"350\" srcset=\"https:\/\/dav.chouech.org\/files\/2014\/04\/separation-poule.jpg 350w, https:\/\/dav.chouech.org\/files\/2014\/04\/separation-poule-150x150.jpg 150w, https:\/\/dav.chouech.org\/files\/2014\/04\/separation-poule-300x300.jpg 300w\" sizes=\"auto, (max-width: 350px) 100vw, 350px\" \/><\/a><a href=\"https:\/\/dav.chouech.org\/files\/2014\/04\/non-cumul-1.jpg\"><img loading=\"lazy\" decoding=\"async\" class=\"aligncenter size-full wp-image-151\" src=\"https:\/\/dav.chouech.org\/files\/2014\/04\/non-cumul-1.jpg\" alt=\"non cumul 1\" width=\"350\" height=\"350\" srcset=\"https:\/\/dav.chouech.org\/files\/2014\/04\/non-cumul-1.jpg 350w, https:\/\/dav.chouech.org\/files\/2014\/04\/non-cumul-1-150x150.jpg 150w, https:\/\/dav.chouech.org\/files\/2014\/04\/non-cumul-1-300x300.jpg 300w\" sizes=\"auto, (max-width: 350px) 100vw, 350px\" \/><\/a><\/p>\n<p><a href=\"https:\/\/dav.chouech.org\/files\/2014\/04\/vote-blanc.jpg\"><img loading=\"lazy\" decoding=\"async\" class=\"aligncenter size-full wp-image-155\" src=\"https:\/\/dav.chouech.org\/files\/2014\/04\/vote-blanc.jpg\" alt=\"vote blanc\" width=\"350\" height=\"350\" srcset=\"https:\/\/dav.chouech.org\/files\/2014\/04\/vote-blanc.jpg 350w, https:\/\/dav.chouech.org\/files\/2014\/04\/vote-blanc-150x150.jpg 150w, https:\/\/dav.chouech.org\/files\/2014\/04\/vote-blanc-300x300.jpg 300w\" sizes=\"auto, (max-width: 350px) 100vw, 350px\" \/><\/a><\/p>\n<p style=\"text-align: center\"><a href=\"https:\/\/dav.chouech.org\/files\/2014\/04\/separation-decoupe.jpg\"><img loading=\"lazy\" decoding=\"async\" class=\"aligncenter size-full wp-image-156\" src=\"https:\/\/dav.chouech.org\/files\/2014\/04\/separation-decoupe.jpg\" alt=\"separation decoupe\" width=\"350\" height=\"426\" srcset=\"https:\/\/dav.chouech.org\/files\/2014\/04\/separation-decoupe.jpg 350w, https:\/\/dav.chouech.org\/files\/2014\/04\/separation-decoupe-246x300.jpg 246w\" sizes=\"auto, (max-width: 350px) 100vw, 350px\" \/><\/a><\/p>\n<p>2013 &#8211; Lutte contre l&rsquo;a\u00e9roport de Notre-Dame-des-Landes<\/p>\n<p><a href=\"https:\/\/dav.chouech.org\/files\/2014\/04\/IMG_2457.jpg\"><img loading=\"lazy\" decoding=\"async\" class=\"aligncenter size-full wp-image-140\" src=\"https:\/\/dav.chouech.org\/files\/2014\/04\/IMG_2457.jpg\" alt=\"IMG_2457\" width=\"400\" height=\"440\" srcset=\"https:\/\/dav.chouech.org\/files\/2014\/04\/IMG_2457.jpg 400w, https:\/\/dav.chouech.org\/files\/2014\/04\/IMG_2457-272x300.jpg 272w\" sizes=\"auto, (max-width: 400px) 100vw, 400px\" \/><\/a><a href=\"https:\/\/dav.chouech.org\/files\/2014\/04\/photo.jpg\"><img loading=\"lazy\" decoding=\"async\" class=\"aligncenter wp-image-161\" src=\"https:\/\/dav.chouech.org\/files\/2014\/04\/photo.jpg\" alt=\"photo\" width=\"222\" height=\"307\" \/><\/a><\/p>\n<p><a href=\"https:\/\/dav.chouech.org\/files\/2014\/04\/photo-8.jpg\"><img loading=\"lazy\" decoding=\"async\" class=\"aligncenter size-full wp-image-150\" src=\"https:\/\/dav.chouech.org\/files\/2014\/04\/photo-8.jpg\" alt=\"photo-8\" width=\"450\" height=\"336\" srcset=\"https:\/\/dav.chouech.org\/files\/2014\/04\/photo-8.jpg 450w, https:\/\/dav.chouech.org\/files\/2014\/04\/photo-8-300x224.jpg 300w, https:\/\/dav.chouech.org\/files\/2014\/04\/photo-8-401x300.jpg 401w\" sizes=\"auto, (max-width: 450px) 100vw, 450px\" \/><\/a><\/p>\n<p>2013 Carnaval Ind\u00e9pendant de la Plaine et Noailles, Marseille<\/p>\n<p><a href=\"https:\/\/dav.chouech.org\/files\/2015\/03\/eh-MP13-light.jpg\"><img loading=\"lazy\" decoding=\"async\" class=\"aligncenter size-full wp-image-525\" src=\"https:\/\/dav.chouech.org\/files\/2015\/03\/eh-MP13-light.jpg\" alt=\"eh MP13 light\" width=\"567\" height=\"439\" srcset=\"https:\/\/dav.chouech.org\/files\/2015\/03\/eh-MP13-light.jpg 567w, https:\/\/dav.chouech.org\/files\/2015\/03\/eh-MP13-light-300x232.jpg 300w, https:\/\/dav.chouech.org\/files\/2015\/03\/eh-MP13-light-387x300.jpg 387w\" sizes=\"auto, (max-width: 567px) 100vw, 567px\" \/><\/a><\/p>\n<p>2013 &#8211; Marseille-Provence Capitale Europ\u00e9enne de la Culture<\/p>\n<p><a href=\"https:\/\/dav.chouech.org\/files\/2014\/04\/IMG_2793.jpg\"><img loading=\"lazy\" decoding=\"async\" class=\"aligncenter size-full wp-image-147\" src=\"https:\/\/dav.chouech.org\/files\/2014\/04\/IMG_2793.jpg\" alt=\"IMG_2793\" width=\"550\" height=\"367\" srcset=\"https:\/\/dav.chouech.org\/files\/2014\/04\/IMG_2793.jpg 550w, https:\/\/dav.chouech.org\/files\/2014\/04\/IMG_2793-300x200.jpg 300w, https:\/\/dav.chouech.org\/files\/2014\/04\/IMG_2793-449x300.jpg 449w\" sizes=\"auto, (max-width: 550px) 100vw, 550px\" \/><\/a><\/p>\n<p>&nbsp;<\/p>\n<p>&nbsp;<\/p>\n<p><a href=\"https:\/\/dav.chouech.org\/files\/2014\/04\/mucem.jpg\"><img loading=\"lazy\" decoding=\"async\" class=\"aligncenter size-full wp-image-141\" src=\"https:\/\/dav.chouech.org\/files\/2014\/04\/mucem.jpg\" alt=\"mucem\" width=\"350\" height=\"536\" srcset=\"https:\/\/dav.chouech.org\/files\/2014\/04\/mucem.jpg 350w, https:\/\/dav.chouech.org\/files\/2014\/04\/mucem-195x300.jpg 195w\" sizes=\"auto, (max-width: 350px) 100vw, 350px\" \/><\/a><\/p>\n<p>2013 &#8211; l&rsquo;anniversaire de Hollande \u00e0 la pr\u00e9sidence<\/p>\n<p><a href=\"https:\/\/dav.chouech.org\/files\/2014\/04\/IMG_3253.jpg\"><img loading=\"lazy\" decoding=\"async\" class=\"aligncenter size-full wp-image-145\" src=\"https:\/\/dav.chouech.org\/files\/2014\/04\/IMG_3253.jpg\" alt=\"IMG_3253\" width=\"500\" height=\"590\" srcset=\"https:\/\/dav.chouech.org\/files\/2014\/04\/IMG_3253.jpg 500w, https:\/\/dav.chouech.org\/files\/2014\/04\/IMG_3253-254x300.jpg 254w\" sizes=\"auto, (max-width: 500px) 100vw, 500px\" \/><\/a><\/p>\n<p>&nbsp;<\/p>\n<p>Divers<\/p>\n<p><a href=\"https:\/\/dav.chouech.org\/files\/2014\/04\/DSCF1360.jpg\"><img loading=\"lazy\" decoding=\"async\" class=\"aligncenter size-full wp-image-135\" src=\"https:\/\/dav.chouech.org\/files\/2014\/04\/DSCF1360.jpg\" alt=\"DSCF1360\" width=\"500\" height=\"375\" srcset=\"https:\/\/dav.chouech.org\/files\/2014\/04\/DSCF1360.jpg 500w, https:\/\/dav.chouech.org\/files\/2014\/04\/DSCF1360-300x225.jpg 300w, https:\/\/dav.chouech.org\/files\/2014\/04\/DSCF1360-400x300.jpg 400w\" sizes=\"auto, (max-width: 500px) 100vw, 500px\" \/><\/a><a href=\"https:\/\/dav.chouech.org\/files\/2014\/04\/IMG_1408.jpg\"><img loading=\"lazy\" decoding=\"async\" class=\"aligncenter wp-image-137 size-medium\" src=\"https:\/\/dav.chouech.org\/files\/2014\/04\/IMG_1408-254x300.jpg\" alt=\"IMG_1408\" width=\"254\" height=\"300\" srcset=\"https:\/\/dav.chouech.org\/files\/2014\/04\/IMG_1408-254x300.jpg 254w, https:\/\/dav.chouech.org\/files\/2014\/04\/IMG_1408.jpg 575w\" sizes=\"auto, (max-width: 254px) 100vw, 254px\" \/><\/a><a href=\"https:\/\/dav.chouech.org\/files\/2014\/04\/IMG_2778.jpg\"><img loading=\"lazy\" decoding=\"async\" class=\"aligncenter wp-image-138\" src=\"https:\/\/dav.chouech.org\/files\/2014\/04\/IMG_2778.jpg\" alt=\"IMG_2778\" width=\"281\" height=\"417\" \/><\/a><a href=\"https:\/\/dav.chouech.org\/files\/2014\/04\/libre.jpg\"><img loading=\"lazy\" decoding=\"async\" class=\"aligncenter size-full wp-image-163\" src=\"https:\/\/dav.chouech.org\/files\/2014\/04\/libre.jpg\" alt=\"libre\" width=\"300\" height=\"487\" srcset=\"https:\/\/dav.chouech.org\/files\/2014\/04\/libre.jpg 300w, https:\/\/dav.chouech.org\/files\/2014\/04\/libre-184x300.jpg 184w\" sizes=\"auto, (max-width: 300px) 100vw, 300px\" \/><\/a><a href=\"https:\/\/dav.chouech.org\/files\/2014\/04\/IMG_2772.jpg\"><img loading=\"lazy\" decoding=\"async\" class=\"aligncenter size-full wp-image-159\" src=\"https:\/\/dav.chouech.org\/files\/2014\/04\/IMG_2772.jpg\" alt=\"IMG_2772\" width=\"498\" height=\"300\" srcset=\"https:\/\/dav.chouech.org\/files\/2014\/04\/IMG_2772.jpg 498w, https:\/\/dav.chouech.org\/files\/2014\/04\/IMG_2772-300x180.jpg 300w\" sizes=\"auto, (max-width: 498px) 100vw, 498px\" \/><\/a><a href=\"https:\/\/dav.chouech.org\/files\/2014\/04\/DSCF2447.jpg\"><img loading=\"lazy\" decoding=\"async\" class=\"aligncenter size-full wp-image-143\" src=\"https:\/\/dav.chouech.org\/files\/2014\/04\/DSCF2447.jpg\" alt=\"DSCF2447\" width=\"400\" height=\"300\" srcset=\"https:\/\/dav.chouech.org\/files\/2014\/04\/DSCF2447.jpg 400w, https:\/\/dav.chouech.org\/files\/2014\/04\/DSCF2447-300x225.jpg 300w\" sizes=\"auto, (max-width: 400px) 100vw, 400px\" \/><\/a><a href=\"https:\/\/dav.chouech.org\/files\/2014\/04\/IMG_3255.jpg\"><img loading=\"lazy\" decoding=\"async\" class=\"aligncenter size-full wp-image-162\" src=\"https:\/\/dav.chouech.org\/files\/2014\/04\/IMG_3255.jpg\" alt=\"IMG_3255\" width=\"350\" height=\"340\" srcset=\"https:\/\/dav.chouech.org\/files\/2014\/04\/IMG_3255.jpg 350w, https:\/\/dav.chouech.org\/files\/2014\/04\/IMG_3255-300x291.jpg 300w, https:\/\/dav.chouech.org\/files\/2014\/04\/IMG_3255-308x300.jpg 308w\" sizes=\"auto, (max-width: 350px) 100vw, 350px\" \/><\/a><a href=\"https:\/\/dav.chouech.org\/files\/2014\/04\/IMG_2771.jpg\"><img loading=\"lazy\" decoding=\"async\" class=\"aligncenter size-full wp-image-144\" src=\"https:\/\/dav.chouech.org\/files\/2014\/04\/IMG_2771.jpg\" alt=\"IMG_2771\" width=\"231\" height=\"372\" srcset=\"https:\/\/dav.chouech.org\/files\/2014\/04\/IMG_2771.jpg 231w, https:\/\/dav.chouech.org\/files\/2014\/04\/IMG_2771-186x300.jpg 186w\" sizes=\"auto, (max-width: 231px) 100vw, 231px\" \/><\/a><\/p>\n","protected":false},"excerpt":{"rendered":"<p>&nbsp; CARNET DE RUE &#8211; expression urbaine et souvent collective&#8230; 2017 Marseille Capitale du Sport &nbsp; 2016 Carnaval ind\u00e9pendant de la Plaine, 2015 2015 Nancy Thermal, un projet de d\u00e9veloppement \u00e9conomique de plus 2014 &#8211; Gaudin r\u00e9elu, Valls 1er ministre &hellip; <a href=\"https:\/\/dav.chouech.org\/?page_id=109\">Continuer la lecture <span class=\"meta-nav\">&rarr;<\/span><\/a><\/p>\n","protected":false},"author":2,"featured_media":0,"parent":0,"menu_order":3,"comment_status":"closed","ping_status":"closed","template":"","meta":{"footnotes":""},"class_list":["post-109","page","type-page","status-publish","hentry"],"_links":{"self":[{"href":"https:\/\/dav.chouech.org\/index.php?rest_route=\/wp\/v2\/pages\/109","targetHints":{"allow":["GET"]}}],"collection":[{"href":"https:\/\/dav.chouech.org\/index.php?rest_route=\/wp\/v2\/pages"}],"about":[{"href":"https:\/\/dav.chouech.org\/index.php?rest_route=\/wp\/v2\/types\/page"}],"author":[{"embeddable":true,"href":"https:\/\/dav.chouech.org\/index.php?rest_route=\/wp\/v2\/users\/2"}],"replies":[{"embeddable":true,"href":"https:\/\/dav.chouech.org\/index.php?rest_route=%2Fwp%2Fv2%2Fcomments&post=109"}],"version-history":[{"count":21,"href":"https:\/\/dav.chouech.org\/index.php?rest_route=\/wp\/v2\/pages\/109\/revisions"}],"predecessor-version":[{"id":1045,"href":"https:\/\/dav.chouech.org\/index.php?rest_route=\/wp\/v2\/pages\/109\/revisions\/1045"}],"wp:attachment":[{"href":"https:\/\/dav.chouech.org\/index.php?rest_route=%2Fwp%2Fv2%2Fmedia&parent=109"}],"curies":[{"name":"wp","href":"https:\/\/api.w.org\/{rel}","templated":true}]}}